 + -135. What is the remainder when 61 is divided by m?
13
Suppose -4*j + 9 = y - 3, -4 = y. Suppose -25 = -4*r + 3*t - 1, -3*t = j*r. Calculate the remainder when 20 is divided by r.
2
Let z(f) = 7*f - 1. Let t be z(-3). Suppose 19337*b = 19349*b - 84. What is the remainder when ((-2)/4 - 0)*t is divided by b?
4
What is the remainder when 84 is divided by 684/16*112/84?
27
Let i = 31 - 31. Suppose i = 3*b - 12 - 27. Let l(m) = 2*m**2 - 17*m - 2. Calculate the remainder when l(b) is divided by 39.
37
Let d(z) = -24*z + 128. Let m be 3 - ((-16)/(-2))/(-4). What is the remainder when 33 is divided by d(m)?
1
Let f = -1083 + 1172. Suppose -5*x - 15 + 0 = 0. What is the remainder when f is divided by 11 + (-2 - x)/(-1)?
9
Suppose -2*i - 910 = 112. Let h = i - -528. What is the remainder when h is divided by 5?
2
Let q(r) = -14*r**2 - 230*r + 11. Calculate the remainder when q(-15) is divided by 30.
11
Let d be 1/(-5) - 4188/60. Let w = d + 73. Let h = 6 - -3. Calculate the remainder when h is divided by w.
0
Let f(q) = -q**3 - 14*q**2 - 3*q - 28. Let i be f(-14). Let w be (-1 - 0)/(((-8)/i)/(-4)). Let p = 23 + w. What is the remainder when 44 is divided by p?
12
Suppose -22*w + 262 = -1608. Let i = -58 + w. What is the remainder when i is divided by 6?
3
Calculate the remainder when (3735/21 - 1) + (-109)/(-763) is divided by 123.
54
Let s = -18716 + 18809. Calculate the remainder when 260 is divided by s.
74
Let m(n) = -7*n - 37. Suppose -6*x + 2*x - 37 = -t, -5*x + t = 46. Calculate the remainder when 79 + -3*4/6 is divided by m(x).
25
Let x(f) = f**2 + 6*f - 213. What is the remainder when 83 is divided by x(13)?
15
Let r be (-15 - -14)*(2*-19 + -2). Suppose 12*k = -8*k + r. Suppose -4*a + k*d - 6*d = -148, -129 = -3*a + 3*d. What is the remainder when a is divided by 18?
4
Suppose 0 = 44*t + 8621 - 45361. What is the remainder when 853 is divided by t?
18
Let d(s) = -s**2 + 42*s - 415. Calculate the remainder when 354 is divided by d(24).
14
Let f = -23 - -25. Suppose 0 = b + 4, 5*q + f*b = -b + 23. What is the remainder when 9*q*1*(-3)/(-3) is divided by 22?
19
Suppose 2*y + 2*y = -2*g + 32, -5*g + 135 = -y. Let w(o) = -o**2 + 28*o + 58. Calculate the remainder when w(g) is divided by 28.
26
Suppose q + 2 = 13. Let u(m) = 2*m**2 - 198*m - 5851. Calculate the remainder when u(-24) is divided by q.
9
What is the remainder when 537 is divided by (1 - 2)*20*(122 + -127)?
37
Let u = -70 - -66. Let v(p) = -p**3 - 5*p**2 - 13*p - 7. Calculate the remainder when 52 is divided by v(u).
23
Let c = -191 - -238. Let q = c + -6. What is the remainder when q is divided by 25?
16
Let r be 2 - -1 - 1 - 43. Let w = -21 - r. What is the remainder when 380/9690 + 2956/51 is divided by w?
18
Suppose -3*q + 5*s = -46 - 4, 0 = 5*q - 4*s - 105. Let u = q + -11. Calculate the remainder when 31 is divided by u.
3
Let k = -6055 - -7749. Calculate the remainder when k is divided by 8.
6
Suppose -867 - 543 = -5*j. Suppose 12*f - 18*f + j = 0. What is the remainder when f is divided by 4?
3
Let c = -167 - -409. Suppose 3*k - 860 + c = 0. Suppose -5*u - 2*b + 160 = -k, b - 3 = 0. Calculate the remainder when u is divided by 22.
6
Suppose 3*d + 63 = 3*a + 63, -3*d + 18 = 0. Calculate the remainder when 1321 is divided by a.
1
Suppose 777 + 2115 = 12*b. Suppose 616 = b*x - 237*x. Calculate the remainder when x is divided by 13.
11
What is the remainder when 91 is divided by (5 - 2) + (-43 - -47)?
0
Suppose -23 = -33*a + 43. Let u(o) = -11*o. What is the remainder when 9/a*(5 + 7) is divided by u(-1)?
10
Suppose -n + 1044 = -5*q, -412 = q + q + n. Let j = q - -232. What is the remainder when 39 is divided by j?
15
Let k = 91 + -42. Let a = -184 + 243. Calculate the remainder when a is divided by k.
10
Let o(x) = 3*x**3 - 8*x**2 + 46*x + 4. Let z be o(6). Suppose -4*f = 20, -4*f = 5*m - 8*f - z. What is the remainder when m is divided by 43?
38
Suppose 0 = 249*w - 205*w - 4444. Suppose 5*o = 6*o - 31. What is the remainder when w is divided by o?
8
Suppose 99 = c + t, 28*t - 550 = -6*c + 33*t. What is the remainder when c is divided by (72/5)/(6/20)?
47
Let p = 1625 + -1575. Let t be (3/(-2))/((-3)/36). Calculate the remainder when p is divided by (-4)/t - 238/(-18).
11
Let d(w) = 1547*w**2 + 11 - 1523*w**2 + 19*w + 8. Calculate the remainder when 116 is divided by d(-1).
20
Let c be 57*((-75)/45 - (-1 - 1)). Let w = -14 + c. Suppose 3*i = 2*s + 126, 154 = 5*i + w*s - 31. What is the remainder when i is divided by 7?
5
Let g = -1500 + 2641. Suppose -g - 56 = -3*v. Calculate the remainder when v is divided by 50.
49
Suppose 24*d = -142*d + 74*d + 232392. What is the remainder when d is divided by 96?
30
Let g = 2207 + -2179. Calculate the remainder when 95 is divided by g.
11
Suppose 0 = 36*g - 37*g + 4. Suppose -19*r - 527 + 4384 = 0. Calculate the remainder when r is divided by g.
3
Let a(g) = 63*g - 679. What is the remainder when a(18) is divided by 12?
11
Suppose m - 1 = 9. Let k = -404 - -430. What is the remainder when k is divided by m?
6
Let p(o) = 12*o**2 - 25*o + 12. Calculate the remainder when 2088 is divided by p(2).
8
Suppose 2*w + 368 = 6*m, -6 = -w - 7. Calculate the remainder when 20983 is divided by m.
60
What is the remainder when 1048 is divided by (-12 - -7) + 18 - (-2)/(-2)*3?
8
Suppose -p - 9 = -30*f + 27*f, 5*p - 20 = 2*f. Let x be (-4 + -7)/(2/4). Let s = x - -34. Calculate the remainder when s is divided by f.
2
Let h(c) = -3*c + 2. Let t be h(0). Let w(j) = -3*j**2 + 6. Let p be w(t). Calculate the remainder when (-190)/p - 32/48 is divided by 18.
13
Suppose 0 = -6*r + 4*r + 2*p - 616, -3*p = 2*r + 601. Let h = -69 - r. Suppose 7*i + 40 = h. What is the remainder when 193 is divided by i?
25
Let f(j) be the third derivative of 3*j**4/8 - 93*j**3/2 + 216*j**2. What is the remainder when 59 is divided by f(32)?
5
Suppose 0 = 29*g - 2495 - 1126 + 779. Calculate the remainder when 158 is divided by g.
60
Let x = 2742 + -2648. What is the remainder when 1310 is divided by x?
88
Let y = -4299 + 4301. What is the remainder when 785 is divided by y?
1
Suppose -105 = -n + 5*i, -363*i + 359*i = 0. What is the remainder when 206 is divided by n?
101
Suppose 8*m - 75 = 3*m. Suppose m = -k + 74. Calculate the remainder when k is divided by 18.
5
Suppose x = -5*d + 52, -26 = -4*x - 2*d + 128. Suppose -190 = 3*k - 478. Suppose -c = 24 - k. Calculate the remainder when c is divided by x.
35
Let i(r) = -542*r + 3850. Calculate the remainder when 10806 is divided by i(7).
54
Suppose 5*i = l - 11 - 3, 5*l + i = -34. Let q(v) = 3*v + 20. Let w be q(l). Suppose -w*o + 6 = -48. Calculate the remainder when 102 is divided by o.
21
Let d = 504 + -500. Suppose d*x - 27 = s, 4*x + 2*s - 4*s = 30. What is the remainder when 143 is divided by x?
5
Suppose 15 - 51 = -9*i. What is the remainder when 76 is divided by (62/i)/((-6 - -7)/2)?
14
Let y(b) = 20*b + 30. Suppose 2*d - m - 3 = 3, 0 = 2*m - 4. What is the remainder when y(d) is divided by 56?
54
Let c = 52 + -23. Suppose 11*u - 12547 = -97*u + 2789. Calculate the remainder when u is divided by c.
26
Suppose -3*j + 12 = 0, 3*j + j = -b + 166. Let c = -129 + b. Suppose -2*w + 2 = -4*a + 16, 17 = 2*a + w. What is the remainder when c is divided by a?
3
Suppose -181*a - 136*a + 4743 = -38*a. Let z be (-2 + -2)/(-1) - 0. Let v(s) = 12*s + 1. What is the remainder when v(z) is divided by a?
15
Let w be -5 + -73 + 9/(-3). Let h = 114 + w. Calculate the remainder when 207 is divided by 1314/h - 5 - 4/(-22).
32
Suppose -2*n - j + 221 = 0, 2*j = -n - 2*j + 100. Let z = n + -100. What is the remainder when 3/1 + (-2 - -44) is divided by z?
9
Let w(l) be the first derivative of -5*l**2/2 + 135*l - 92. Calculate the remainder when w(0) is divided by 32.
7
Suppose -2*h = -9 + 3. Suppose h*o + 5*g - 24 = 0, o - 3*o + 2*g = 0. Suppose -8*a + 60 = -o*a. What is the remainder when 33 is divided by a?
9
Suppose 4*x - 3 = 3*x. Let s(y) = 15*y**2 - 22*y - 1. Calculate the remainder when s(x) is divided by 27.
14
Let f be 1/((-30)/(-6))*2815. Suppose -13*c + 74 + f = 0. What is the remainder when c is divided by 9?
4
Suppose 10847 = 11*z - 270 - 3018. What is the remainder when z is divided by 133?
88
Let v(x) = -245*x**2 + 307*x - 5. Calc